{"id":2,"date":"2022-09-25T14:31:40","date_gmt":"2022-09-25T14:31:40","guid":{"rendered":"https:\/\/bfvs.no\/?page_id=2"},"modified":"2023-04-01T13:50:03","modified_gmt":"2023-04-01T13:50:03","slug":"om-oss","status":"publish","type":"page","link":"https:\/\/bfvs.no\/index.php\/om-oss\/","title":{"rendered":"Om oss"},"content":{"rendered":"\n<p>Vi er to gutter fra Bj\u00f8rnafjorden kommune som \u00f8nsker \u00e5 tilby v\u00e5re produkter. V\u00e5r ambisjon er \u00e5 tilby ved \u00abkortreist, rimelig og enkelt\u00bb<\/p>\n\n\n\n<p><\/p>\n\n\n\n<p><\/p>\n\n\n\n<blockquote class=\"wp-block-quote is-layout-flow wp-block-quote-is-layout-flow\">\n<p>Vi \u00f8nsker \u00e5 fokusere p\u00e5 lokalmilj\u00f8et!<\/p>\n<cite>&laquo;Vi har det mest energieffektive utstyret, handler t\u00f8mmeret lokalt og distribuerer videre til lokalmilj\u00f8et &#8211; B\u00e6rekraft og milj\u00f8 er viktig for oss, og vi \u00f8nsker \u00e5 sette fokus p\u00e5 dette i Bj\u00f8rnafjorden Vedsentral&raquo;<\/cite><\/blockquote>\n\n\n\n<p class=\"has-text-align-center\"><sub>Daglig leder, Kristoffer<\/sub><\/p>\n\n\n\n<blockquote class=\"wp-block-quote is-layout-flow wp-block-quote-is-layout-flow\">\n<p>V\u00e5rt produkt skal v\u00e6re enkelt \u00e5 f\u00e5 tak i, og til en rimelig pris!<\/p>\n<cite>&laquo;I Bj\u00f8rnafjorden Vedsentral \u00f8nsker vi \u00e5 tilby kvalitetsprodukter via kundetilpassede leveringsl\u00f8sninger. Du kan enkelt hente veden hos oss, eller vi kan levere den helt hjem til deg!&raquo;<\/cite><\/blockquote>\n\n\n\n<p class=\"has-text-align-center\"><sub>Styreleder, Bj\u00f8rnar<\/sub><\/p>\n\n\n\n<p><\/p>\n\n\n\n<p><\/p>\n\n\n\n<p class=\"has-text-align-center has-accent-color has-text-color\" style=\"font-size:50px\"><strong>V\u00e5re maskiner<\/strong><\/p>\n\n\n<div class=\"wp-block-image is-style-rounded\">\n<figure class=\"aligncenter size-full is-resized\"><img data-recalc-dims=\"1\" loading=\"lazy\" decoding=\"async\" src=\"https:\/\/i0.wp.com\/bfvs.no\/wp-content\/uploads\/2022\/09\/palax-c900.2-firewood-processor-00.jpg?resize=580%2C223&#038;ssl=1\" alt=\"\" class=\"wp-image-59\" width=\"580\" height=\"223\" srcset=\"https:\/\/i0.wp.com\/bfvs.no\/wp-content\/uploads\/2022\/09\/palax-c900.2-firewood-processor-00.jpg?w=1440&amp;ssl=1 1440w, https:\/\/i0.wp.com\/bfvs.no\/wp-content\/uploads\/2022\/09\/palax-c900.2-firewood-processor-00.jpg?resize=300%2C115&amp;ssl=1 300w, https:\/\/i0.wp.com\/bfvs.no\/wp-content\/uploads\/2022\/09\/palax-c900.2-firewood-processor-00.jpg?resize=1024%2C394&amp;ssl=1 1024w, https:\/\/i0.wp.com\/bfvs.no\/wp-content\/uploads\/2022\/09\/palax-c900.2-firewood-processor-00.jpg?resize=768%2C295&amp;ssl=1 768w, https:\/\/i0.wp.com\/bfvs.no\/wp-content\/uploads\/2022\/09\/palax-c900.2-firewood-processor-00.jpg?resize=1200%2C462&amp;ssl=1 1200w, https:\/\/i0.wp.com\/bfvs.no\/wp-content\/uploads\/2022\/09\/palax-c900.2-firewood-processor-00.jpg?resize=1320%2C508&amp;ssl=1 1320w, https:\/\/i0.wp.com\/bfvs.no\/wp-content\/uploads\/2022\/09\/palax-c900.2-firewood-processor-00.jpg?resize=600%2C231&amp;ssl=1 600w\" sizes=\"auto, (max-width: 580px) 100vw, 580px\" \/><figcaption class=\"wp-element-caption\"><sub><strong><em>Vedmaskin:<\/em><\/strong> Palax C900.2 Pro+ Hybrid med x-aim<\/sub><\/figcaption><\/figure>\n<\/div>\n\n\n<h2 class=\"wp-block-heading has-text-align-center has-accent-color has-text-color\" style=\"font-size:50px\"><strong>Bj\u00f8rnafjorden Vedsentral<\/strong><\/h2>\n\n\n\n<figure class=\"wp-block-image\"><img data-recalc-dims=\"1\" loading=\"lazy\" decoding=\"async\" width=\"580\" height=\"773\" src=\"https:\/\/i0.wp.com\/bfvs.no\/wp-content\/uploads\/2023\/04\/IMG_0263-scaled.jpeg?resize=580%2C773&#038;ssl=1\" alt=\"\" class=\"wp-image-308\" srcset=\"https:\/\/i0.wp.com\/bfvs.no\/wp-content\/uploads\/2023\/04\/IMG_0263-scaled.jpeg?w=1920&amp;ssl=1 1920w, https:\/\/i0.wp.com\/bfvs.no\/wp-content\/uploads\/2023\/04\/IMG_0263-scaled.jpeg?resize=225%2C300&amp;ssl=1 225w, https:\/\/i0.wp.com\/bfvs.no\/wp-content\/uploads\/2023\/04\/IMG_0263-scaled.jpeg?resize=768%2C1024&amp;ssl=1 768w, https:\/\/i0.wp.com\/bfvs.no\/wp-content\/uploads\/2023\/04\/IMG_0263-scaled.jpeg?resize=1152%2C1536&amp;ssl=1 1152w, https:\/\/i0.wp.com\/bfvs.no\/wp-content\/uploads\/2023\/04\/IMG_0263-scaled.jpeg?resize=1536%2C2048&amp;ssl=1 1536w, https:\/\/i0.wp.com\/bfvs.no\/wp-content\/uploads\/2023\/04\/IMG_0263-scaled.jpeg?resize=1200%2C1600&amp;ssl=1 1200w, https:\/\/i0.wp.com\/bfvs.no\/wp-content\/uploads\/2023\/04\/IMG_0263-scaled.jpeg?resize=1980%2C2640&amp;ssl=1 1980w, https:\/\/i0.wp.com\/bfvs.no\/wp-content\/uploads\/2023\/04\/IMG_0263-scaled.jpeg?resize=1320%2C1760&amp;ssl=1 1320w, https:\/\/i0.wp.com\/bfvs.no\/wp-content\/uploads\/2023\/04\/IMG_0263-scaled.jpeg?resize=600%2C800&amp;ssl=1 600w, https:\/\/i0.wp.com\/bfvs.no\/wp-content\/uploads\/2023\/04\/IMG_0263-scaled.jpeg?w=1740&amp;ssl=1 1740w\" sizes=\"auto, (max-width: 580px) 100vw, 580px\" \/><\/figure>\n\n\n\n<figure class=\"wp-block-image size-large\"><img data-recalc-dims=\"1\" loading=\"lazy\" decoding=\"async\" width=\"580\" height=\"773\" src=\"https:\/\/i0.wp.com\/bfvs.no\/wp-content\/uploads\/2023\/04\/IMG_0311-1.jpeg?resize=580%2C773&#038;ssl=1\" alt=\"\" class=\"wp-image-306\" srcset=\"https:\/\/i0.wp.com\/bfvs.no\/wp-content\/uploads\/2023\/04\/IMG_0311-1-scaled.jpeg?resize=768%2C1024&amp;ssl=1 768w, https:\/\/i0.wp.com\/bfvs.no\/wp-content\/uploads\/2023\/04\/IMG_0311-1-scaled.jpeg?resize=225%2C300&amp;ssl=1 225w, https:\/\/i0.wp.com\/bfvs.no\/wp-content\/uploads\/2023\/04\/IMG_0311-1-scaled.jpeg?resize=1152%2C1536&amp;ssl=1 1152w, https:\/\/i0.wp.com\/bfvs.no\/wp-content\/uploads\/2023\/04\/IMG_0311-1-scaled.jpeg?resize=1536%2C2048&amp;ssl=1 1536w, https:\/\/i0.wp.com\/bfvs.no\/wp-content\/uploads\/2023\/04\/IMG_0311-1-scaled.jpeg?resize=1200%2C1600&amp;ssl=1 1200w, https:\/\/i0.wp.com\/bfvs.no\/wp-content\/uploads\/2023\/04\/IMG_0311-1-scaled.jpeg?resize=1980%2C2640&amp;ssl=1 1980w, https:\/\/i0.wp.com\/bfvs.no\/wp-content\/uploads\/2023\/04\/IMG_0311-1-scaled.jpeg?resize=1320%2C1760&amp;ssl=1 1320w, https:\/\/i0.wp.com\/bfvs.no\/wp-content\/uploads\/2023\/04\/IMG_0311-1-scaled.jpeg?resize=600%2C800&amp;ssl=1 600w, https:\/\/i0.wp.com\/bfvs.no\/wp-content\/uploads\/2023\/04\/IMG_0311-1-scaled.jpeg?w=1920&amp;ssl=1 1920w, https:\/\/i0.wp.com\/bfvs.no\/wp-content\/uploads\/2023\/04\/IMG_0311-1-scaled.jpeg?w=1740&amp;ssl=1 1740w\" sizes=\"auto, (max-width: 580px) 100vw, 580px\" \/><\/figure>\n\n\n\n<figure class=\"wp-block-image size-large\"><img data-recalc-dims=\"1\" loading=\"lazy\" decoding=\"async\" width=\"580\" height=\"773\" src=\"https:\/\/i0.wp.com\/bfvs.no\/wp-content\/uploads\/2023\/04\/IMG_0321.jpeg?resize=580%2C773&#038;ssl=1\" alt=\"\" class=\"wp-image-303\" srcset=\"https:\/\/i0.wp.com\/bfvs.no\/wp-content\/uploads\/2023\/04\/IMG_0321-scaled.jpeg?resize=768%2C1024&amp;ssl=1 768w, https:\/\/i0.wp.com\/bfvs.no\/wp-content\/uploads\/2023\/04\/IMG_0321-scaled.jpeg?resize=225%2C300&amp;ssl=1 225w, https:\/\/i0.wp.com\/bfvs.no\/wp-content\/uploads\/2023\/04\/IMG_0321-scaled.jpeg?resize=1152%2C1536&amp;ssl=1 1152w, https:\/\/i0.wp.com\/bfvs.no\/wp-content\/uploads\/2023\/04\/IMG_0321-scaled.jpeg?resize=1536%2C2048&amp;ssl=1 1536w, https:\/\/i0.wp.com\/bfvs.no\/wp-content\/uploads\/2023\/04\/IMG_0321-scaled.jpeg?resize=1200%2C1600&amp;ssl=1 1200w, https:\/\/i0.wp.com\/bfvs.no\/wp-content\/uploads\/2023\/04\/IMG_0321-scaled.jpeg?resize=1980%2C2640&amp;ssl=1 1980w, https:\/\/i0.wp.com\/bfvs.no\/wp-content\/uploads\/2023\/04\/IMG_0321-scaled.jpeg?resize=1320%2C1760&amp;ssl=1 1320w, https:\/\/i0.wp.com\/bfvs.no\/wp-content\/uploads\/2023\/04\/IMG_0321-scaled.jpeg?resize=600%2C800&amp;ssl=1 600w, https:\/\/i0.wp.com\/bfvs.no\/wp-content\/uploads\/2023\/04\/IMG_0321-scaled.jpeg?w=1920&amp;ssl=1 1920w, https:\/\/i0.wp.com\/bfvs.no\/wp-content\/uploads\/2023\/04\/IMG_0321-scaled.jpeg?w=1740&amp;ssl=1 1740w\" sizes=\"auto, (max-width: 580px) 100vw, 580px\" \/><\/figure>\n\n\n\n<p class=\"has-accent-color has-text-color\" style=\"font-size:50px\"><\/p>\n\n\n\n<p><\/p>\n\n\n\t<div class=\"wp-block-jetpack-gif aligncenter\">\n\t\t<figure>\n\t\t\t\t\t\t\t<div class=\"wp-block-jetpack-gif-wrapper\" style=\"padding-top:56%\">\n\t\t\t\t\t<iframe src=\"https:\/\/giphy.com\/embed\/aelKW3wStzsnMyTkrG\" title=\"Timber\"><\/iframe>\n\t\t\t\t<\/div>\n\t\t\t\t\t\t\t\t<\/figure>\n\t<\/div>\n\t","protected":false},"excerpt":{"rendered":"<p>Vi er to gutter fra Bj\u00f8rnafjorden kommune som \u00f8nsker \u00e5 tilby v\u00e5re produkter. V\u00e5r ambisjon er \u00e5 tilby ved \u00abkortreist, rimelig og enkelt\u00bb Vi \u00f8nsker \u00e5 fokusere p\u00e5 lokalmilj\u00f8et! &laquo;Vi har det mest energieffektive utstyret, handler t\u00f8mmeret lokalt og distribuerer videre til lokalmilj\u00f8et &#8211; B\u00e6rekraft og milj\u00f8 er viktig for oss, og vi \u00f8nsker \u00e5 [&hellip;]<\/p>\n","protected":false},"author":3,"featured_media":0,"parent":0,"menu_order":2,"comment_status":"open","ping_status":"closed","template":"","meta":{"_view_id":"","footnotes":""},"class_list":["post-2","page","type-page","status-publish","hentry"],"jetpack-related-posts":[],"jetpack_sharing_enabled":true,"_links":{"self":[{"href":"https:\/\/bfvs.no\/index.php\/wp-json\/wp\/v2\/pages\/2","targetHints":{"allow":["GET"]}}],"collection":[{"href":"https:\/\/bfvs.no\/index.php\/wp-json\/wp\/v2\/pages"}],"about":[{"href":"https:\/\/bfvs.no\/index.php\/wp-json\/wp\/v2\/types\/page"}],"author":[{"embeddable":true,"href":"https:\/\/bfvs.no\/index.php\/wp-json\/wp\/v2\/users\/3"}],"replies":[{"embeddable":true,"href":"https:\/\/bfvs.no\/index.php\/wp-json\/wp\/v2\/comments?post=2"}],"version-history":[{"count":16,"href":"https:\/\/bfvs.no\/index.php\/wp-json\/wp\/v2\/pages\/2\/revisions"}],"predecessor-version":[{"id":310,"href":"https:\/\/bfvs.no\/index.php\/wp-json\/wp\/v2\/pages\/2\/revisions\/310"}],"wp:attachment":[{"href":"https:\/\/bfvs.no\/index.php\/wp-json\/wp\/v2\/media?parent=2"}],"curies":[{"name":"wp","href":"https:\/\/api.w.org\/{rel}","templated":true}]}}