{"id":90,"date":"2022-09-27T20:01:46","date_gmt":"2022-09-27T20:01:46","guid":{"rendered":"https:\/\/bfvs.no\/?page_id=90"},"modified":"2023-04-02T19:25:22","modified_gmt":"2023-04-02T19:25:22","slug":"om-ved","status":"publish","type":"page","link":"https:\/\/bfvs.no\/index.php\/om-ved\/","title":{"rendered":"Om ved"},"content":{"rendered":"\n<p><a rel=\"noreferrer noopener\" href=\"https:\/\/www.smartepenger.no\/96-bolig\/2199-vedfyring\" target=\"_blank\"><em>Dette koster vedfyring<\/em><\/a><\/p>\n\n\n\n<p><strong><span style=\"text-decoration: underline;\">Furu<\/span><\/strong><\/p>\n\n\n\n<p>Furuved er utmerket ved. Furu inneholder kun 12% mindre energi enn bj\u00f8rk. Det betyr at furuved selges noe rimeligere enn bj\u00f8rk. Vi har mye furuskog her i landet, ca. 25 % av tilveksten er furu. Noen hevder at vedkubber av furu soter mye og kan skape risiko for pipebrann. Men dette er feil. Forskere ved Sintef er klare p\u00e5 at n\u00e5r man fyrer p\u00e5 riktig m\u00e5te, med god lufttilf\u00f8rsel, s\u00e5 er furuvirket utmerket ved som ikke skaper spesielle problemer verken i ovn eller pipe.<\/p>\n\n\n\n<p><strong><span style=\"text-decoration: underline;\">Bj\u00f8rk<\/span><\/strong><\/p>\n\n\n\n<p>Bj\u00f8rk er den store slageren i Norge. Bj\u00f8rkeslekta er de mest popul\u00e6re treslagene til ved og utgj\u00f8r det aller meste av vedforbruket i Norge. \u00c5rsaken til dette er flere. Det vokser bj\u00f8rkearter i alle landets fylker, og bj\u00f8rk er derfor lett \u00e5 f\u00e5 tak i som r\u00e5virke til ved. Bj\u00f8rk er et ganske energirikt treslag per volumenhet. \u00c9n kubikkmeter bj\u00f8rkeved, det vil si om lag 25 sekker av vanlig handelsst\u00f8rrelse, med 20 prosent fuktighet tilsvarer cirka 2600&nbsp;<a href=\"https:\/\/snl.no\/kWh\">kWh<\/a>.<\/p>\n\n\n\n<p><strong><span style=\"text-decoration: underline;\">Blandingsved<\/span><\/strong><\/p>\n\n\n\n<p>B\u00e5de forskere og ved-spesialister er enige om \u00e8n ting: det er at&nbsp;<strong>blandingsved<\/strong>&nbsp;faktisk er \u00e5 foretrekke. Selje, rogn, gran, osp, or, ask, eik, furu og bj\u00f8rk \u2013 en god kortreist blanding av treslag er det beste alternativet.<\/p>\n\n\n\n<blockquote class=\"wp-block-quote is-layout-flow wp-block-quote-is-layout-flow\">\n<p>&laquo;Fyring med ved kan koste helt ned mot 45 \u00f8re pr kilowatt&raquo;<\/p>\n<cite><em>&laquo;&#8230;du vil f\u00e5 mulighet til \u00e5 spare mange penger p\u00e5 \u00e5 fyre med ved i stedet for str\u00f8m i de periodene p\u00e5 d\u00f8gnet hvor str\u00f8mmen er p\u00e5 sitt dyreste.&raquo;<\/em><\/cite><\/blockquote>\n\n\n\n<p><\/p>\n\n\n\n<p><\/p>\n\n\n\n<h3 class=\"wp-block-heading\">Hvor t\u00f8rr skal veden v\u00e6re?<\/h3>\n\n\n\n<p><br>Ved med 17-20 % fuktighet regnes som t\u00f8rr ved.&nbsp;<a href=\"https:\/\/www.varmefag.no\/tips-og-raad\/fyr-med-ved-naar-du-faar-ny-strommaaler\">Fyrer du med ved<\/a>&nbsp;med h\u00f8yere fuktighet enn 17-20 %, vil du merke \u2013 i tillegg til at den brenner d\u00e5rligere \u2013 at det blir mer r\u00f8yk og sot og at det lukter litt surt. Fuktig ved \u00f8ker dessuten ogs\u00e5 risikoen for pipebrann.<\/p>\n\n\n\n<p>Brennverdien p\u00e5 en fastkubikkmeter ved t\u00f8rket ute etter norsk standard med 17-20 % fuktighet er som f\u00f8lger for de ulike vedsortene:<\/p>\n\n\n\n<p>B\u00f8k 3000 kwh<br>Ask og Eik 2900 kwh<br>L\u00f8nn 2800 kwh<br>Bj\u00f8rk 2700 kwh<br>Furu 2350 kwh<br>Osp og Gran 2150 kwh<\/p>\n\n\n\n<h3 class=\"wp-block-heading\">Ved m\u00e5les i volum<\/h3>\n\n\n\n<p><br>Grunnen til at ved m\u00e5les i volum og ikke i kilo er f\u00f8rst og fremst fordi vektforskjellen p\u00e5 t\u00f8rr og v\u00e5t ved er stor. Det er imidlertid viktig \u00e5 huske p\u00e5 at volumet g\u00e5r cirka 10 % ned n\u00e5r veden t\u00f8rker.<\/p>\n\n\n\n<p>Likevel oppgir produsentene av ovner og peiser hvor mange kilo ved du kan legge inn i ildstedet. Man kan bli forvirret av mindre. Er du enn\u00e5 ikke forvirret, s\u00e5 blir du det kanskje n\u00e5: 1 kilo ved inneholder like mye varme uavhengig av tresort.<\/p>\n\n\n\n<h3 class=\"wp-block-heading\">Hvor mye er en favn ved?<\/h3>\n\n\n\n<p><br>1 favn ved er 2400 liter stablet ved \u2013 eller 2,4 kubikkmeter. I vedsekker, som de fleste av oss forholder oss til, tilsvarer dette:<\/p>\n\n\n\n<ul class=\"wp-block-list\">\n<li>53-55 fulle 40 liter sekker<\/li>\n\n\n\n<li>38-40 fulle 60 liter sekker<\/li>\n\n\n\n<li>30-32 fulle 80 liter sekker<\/li>\n<\/ul>\n\n\n\n<p>&#8211; &nbsp;1 storsekk for Europall (80 x120 cm) rommer 1 m3 l\u00f8s ved, eller 0,5 fastkubikk ved uten stabling.<\/p>\n\n\n\n<p>\u2013 &nbsp;1 storsekk for Hydropall (105 x 130 cm) rommer 1,5 m3 l\u00f8s ved, eller 0,750 fastkubikk ved uten stabling.<\/p>\n\n\n\n<p>1 favn er 3,3 kubikkmeter l\u00f8sved. Da g\u00e5r det 3,3 storsekker for europall for \u00e5 f\u00e5 en favn. Det er alts\u00e5 viktig \u00e5 skille mellom STABLET ved og L\u00d8S ved.<\/p>\n\n\n\n<p>Vet du dette, kan du enkelt regne deg frem og sammenligne prisen p\u00e5 sekk, storsekk og favn. Husk \u00e5 tenk over brennverdien p\u00e5 den vedsorten du kj\u00f8per.<\/p>\n\n\n\n<p>Som du kanskje har lagt merke til, annonseres vedsekker n\u00e5 ofte med vekt og ikke volum. Dette er ganske nytt, og er en anbefaling Norsk Ved har g\u00e5tt ut med til sine medlemmer. Det gj\u00f8r at du som kunde skal kunne sammenligne pris per kilowattime, siden alle tresorter gir like mye varme per kilo.<\/p>\n\n\n\n<h2 class=\"wp-block-heading\">M\u00e5leenheter for ved (Norsk standard):<\/h2>\n\n\n\n<div class=\"wp-block-group\"><div class=\"wp-block-group__inner-container is-layout-constrained wp-block-group-is-layout-constrained\">\n<figure class=\"wp-block-table is-style-regular\"><table><tbody><tr><th>M\u00e5leenheter for ved<\/th><th>Er lik<\/th><th>Tilsvarer \/ kommentar<\/th><\/tr><tr><td>1 Fm3<\/td><td>1 fastkubikkmeter<\/td><td>1000 liter fast masse<\/td><\/tr><tr><td>1 Lm3<\/td><td>1 l\u00f8skubikkmeter<\/td><td>volumet med luft imellom<\/td><\/tr><tr><td>1 favn ved<\/td><td>4 m x 1 m (eller 2m x 2m) x 60cm<\/td><td>2,4 m3 stablet ved<\/td><\/tr><tr><td>1 favn 60 cm ved som kappes i 30 cm lengder<\/td><td>ca. 3,3m3 i l\u00f8sm\u00e5l (ikke stablet)<\/td><td>&nbsp;<\/td><\/tr><tr><td>1 favn 60 cm<\/td><td>krever 1,6 Fm3 r\u00e5virke<\/td><td>&nbsp;<\/td><\/tr><tr><td>1 favn 60 cm stablet ved<\/td><td>2.4 m3<\/td><td>N\u00e5r denne mengden kappes i 30 cm lengder, minker volumet med ca. 10%.<\/td><\/tr><tr><td>1 storfavn ved: 2m x 2m x 3m<\/td><td>12 Lm3<\/td><td>ca. 6,5-7 Fm3<\/td><\/tr><\/tbody><\/table><\/figure>\n<\/div><\/div>\n\n\n\n<div class=\"wp-block-group\"><div class=\"wp-block-group__inner-container is-layout-constrained wp-block-group-is-layout-constrained\">\n<figure class=\"wp-block-table\"><table><tbody><tr><th>Sm\u00e5sekker<\/th><th>Er lik<\/th><th>Tilsvarer \/ kommentar<\/th><\/tr><tr><td>80 liter \u2013 60x100cm<\/td><td>1 Fm3, kappet i 30 cm og stablet<\/td><td>20 fulle sekker<\/td><\/tr><tr><td>60 liter \u2013 60x80cm<\/td><td>1 Fm3, kappet i 30 cm og stablet<\/td><td>24 fulle sekker<\/td><\/tr><tr><td>40 liter \u2013 49x65cm<\/td><td>1 Fm3, kappet i 30 cm og stablet<\/td><td>33 fulle sekker<\/td><\/tr><tr><td>1 favn 60 cm ved, kappet i 30 cm<\/td><td>30-32 fulle 80 liters sekker<\/td><td>&nbsp;<\/td><\/tr><tr><td>1 favn 60 cm ved, kappet i 30 cm<\/td><td>38-40 fulle 60 liters sekker<\/td><td>&nbsp;<\/td><\/tr><tr><td>1 favn 60 cm ved, kappet i 30 cm<\/td><td>53-55 fulle 40 liters sekker<\/td><td>&nbsp;<\/td><\/tr><tr><td colspan=\"3\">\u2022 Ved i 30cm lengder stables i sm\u00e5sekken. Ved i 20cm lengder kan rystes i sm\u00e5sekken.<br>\u2022 Fastmasseprosenten p\u00e5 stablet ved 60 cm er ca 65%.<br>\u2022 Fastmasseprosenten p\u00e5 l\u00f8s ved i 20 og 30 cm er ca 50%.<\/td><\/tr><\/tbody><\/table><\/figure>\n<\/div><\/div>\n\n\n\n<div class=\"wp-block-group\"><div class=\"wp-block-group__inner-container is-layout-constrained wp-block-group-is-layout-constrained\">\n<figure class=\"wp-block-table\"><table><tbody><tr><th>Storsekker<\/th><th>Er lik<\/th><th>Tilsvarer \/ kommentar<\/th><\/tr><tr><td>1 Eurosekk \u2013 80 x 120cm<\/td><td>rommer 1 m3 l\u00f8s ved<\/td><td>0.500 m3 med fastmasse<\/td><\/tr><tr><td>1 Hydrosekk \u2013 105 x 130cm<\/td><td>rommer 1.5 m3<\/td><td>0.750 m3 med fastmasse<\/td><\/tr><tr><td colspan=\"3\">Fastmasseprosenten minker\/krymper med ca. 10% fra r\u00e5 ved til t\u00f8rr ved i forbindelse med t\u00f8rkeprosessen. Dette betyr at fylling av sekker med r\u00e5 ved m\u00e5 \u00f8kes tilsvarende.<\/td><\/tr><\/tbody><\/table><\/figure>\n<\/div><\/div>\n\n\n\n<figure class=\"wp-block-image size-full is-style-default\"><img data-recalc-dims=\"1\" loading=\"lazy\" decoding=\"async\" width=\"580\" height=\"284\" src=\"https:\/\/i0.wp.com\/bfvs.no\/wp-content\/uploads\/2022\/09\/BFVS123123.png?resize=580%2C284&#038;ssl=1\" alt=\"\" class=\"wp-image-145\" srcset=\"https:\/\/i0.wp.com\/bfvs.no\/wp-content\/uploads\/2022\/09\/BFVS123123.png?w=830&amp;ssl=1 830w, https:\/\/i0.wp.com\/bfvs.no\/wp-content\/uploads\/2022\/09\/BFVS123123.png?resize=300%2C147&amp;ssl=1 300w, https:\/\/i0.wp.com\/bfvs.no\/wp-content\/uploads\/2022\/09\/BFVS123123.png?resize=768%2C376&amp;ssl=1 768w, https:\/\/i0.wp.com\/bfvs.no\/wp-content\/uploads\/2022\/09\/BFVS123123.png?resize=600%2C293&amp;ssl=1 600w\" sizes=\"auto, (max-width: 580px) 100vw, 580px\" \/><\/figure>\n","protected":false},"excerpt":{"rendered":"<p>Dette koster vedfyring Furu Furuved er utmerket ved. Furu inneholder kun 12% mindre energi enn bj\u00f8rk. Det betyr at furuved selges noe rimeligere enn bj\u00f8rk. Vi har mye furuskog her i landet, ca. 25 % av tilveksten er furu. Noen hevder at vedkubber av furu soter mye og kan skape risiko for pipebrann. Men dette [&hellip;]<\/p>\n","protected":false},"author":3,"featured_media":0,"parent":0,"menu_order":3,"comment_status":"open","ping_status":"closed","template":"","meta":{"_view_id":"","footnotes":""},"class_list":["post-90","page","type-page","status-publish","hentry"],"jetpack-related-posts":[],"jetpack_sharing_enabled":true,"_links":{"self":[{"href":"https:\/\/bfvs.no\/index.php\/wp-json\/wp\/v2\/pages\/90","targetHints":{"allow":["GET"]}}],"collection":[{"href":"https:\/\/bfvs.no\/index.php\/wp-json\/wp\/v2\/pages"}],"about":[{"href":"https:\/\/bfvs.no\/index.php\/wp-json\/wp\/v2\/types\/page"}],"author":[{"embeddable":true,"href":"https:\/\/bfvs.no\/index.php\/wp-json\/wp\/v2\/users\/3"}],"replies":[{"embeddable":true,"href":"https:\/\/bfvs.no\/index.php\/wp-json\/wp\/v2\/comments?post=90"}],"version-history":[{"count":14,"href":"https:\/\/bfvs.no\/index.php\/wp-json\/wp\/v2\/pages\/90\/revisions"}],"predecessor-version":[{"id":312,"href":"https:\/\/bfvs.no\/index.php\/wp-json\/wp\/v2\/pages\/90\/revisions\/312"}],"wp:attachment":[{"href":"https:\/\/bfvs.no\/index.php\/wp-json\/wp\/v2\/media?parent=90"}],"curies":[{"name":"wp","href":"https:\/\/api.w.org\/{rel}","templated":true}]}}